 number?
False
Is 340451051 composite?
False
Is 3093759481 prime?
True
Is 28855141363 prime?
False
Is 15383269861 a composite number?
False
Is 6293489327 a composite number?
True
Is 1776211531 a composite number?
False
Is 14355905959 prime?
False
Is 293644238 a prime number?
False
Is 89360473 a prime number?
True
Is 810555701 a composite number?
True
Is 1100194241 a prime number?
True
Is 9097859879 a composite number?
False
Is 1502226893 a composite number?
True
Is 253206241 composite?
True
Is 1655396873 prime?
False
Is 276948383 composite?
True
Is 2814035137 prime?
False
Is 9522316877 prime?
True
Is 337969271 a composite number?
True
Is 5076628211 prime?
True
Is 7416265133 prime?
True
Is 6948355159 composite?
True
Is 13495897 composite?
False
Is 7288209743 a prime number?
True
Is 291224201 a composite number?
True
Is 531899279 composite?
True
Is 8431771499 a composite number?
True
Is 88341576509 composite?
False
Is 109985947 prime?
True
Is 3598002293 a prime number?
False
Is 3070296791 prime?
True
Is 41292412341 a prime number?
False
Is 1121826497 prime?
False
Is 9734693399 a prime number?
True
Is 12251778289 prime?
False
Is 9611257889 a prime number?
True
Is 42058402609 composite?
True
Is 137931929 prime?
False
Is 84011850079 composite?
True
Is 752958389 prime?
True
Is 1264191233 prime?
True
Is 816557377 composite?
False
Is 423682183 a composite number?
False
Is 823668767 composite?
False
Is 38503637 prime?
False
Is 24829004231 composite?
True
Is 870242547 a composite number?
True
Is 9728184607 a prime number?
True
Is 2601373519 composite?
False
Is 20195418959 composite?
False
Is 991258363 a prime number?
False
Is 9803600167 prime?
True
Is 118907543047 composite?
False
Is 62968017461 prime?
False
Is 3953689001 prime?
True
Is 172645513127 a prime number?
True
Is 1319734561 composite?
False
Is 3065997139 composite?
True
Is 5920218611 a composite number?
True
Is 871427309 prime?
True
Is 97313491351 prime?
True
Is 229364173 prime?
True
Is 6649834519 a prime number?
True
Is 406652663 a prime number?
True
Is 601440113 a prime number?
True
Is 65714221563 a composite number?
True
Is 390618583 a composite number?
True
Is 115424600507 prime?
False
Is 635984611 a composite number?
False
Is 1072365337 a prime number?
True
Is 2685107207 a composite number?
True
Is 12659581213 composite?
True
Is 2706839011 a prime number?
False
Is 13862276327 a prime number?
True
Is 4520874811 a composite number?
True
Is 279158396305 a composite number?
True
Is 1550390783 a composite number?
False
Is 10602662647 composite?
False
Is 167951869 a composite number?
False
Is 791048149 a prime number?
True
Is 4178362999 composite?
False
Is 294717097 a prime number?
False
Is 426451423 a prime number?
True
Is 2364180809 composite?
False
Is 39670868213 composite?
True
Is 3811137487 a composite number?
False
Is 18017961181 a composite number?
True
Is 126951257057 composite?
False
Is 751646219 composite?
True
Is 10906918291 prime?
False
Is 46057461059 a prime number?
False
Is 212070571 a prime number?
False
Is 352619941 a prime number?
True
Is 438297191 prime?
True
Is 6540241439 a prime number?
False
Is 1993081253 prime?
True
Is 3154691915 composite?
True
Is 1400571691 prime?
True
Is 22933538141 prime?
True
Is 52432546669 a composite number?
True
Is 2197064347 a prime number?
True
Is 672003599 a composite number?
False
Is 20011657513 composite?
False
Is 185160341 prime?
True
Is 36634301159 a prime number?
True
Is 138935031 prime?
False
Is 1258418206 a prime number?
False
Is 521892587 prime?
True
Is 183624697021 a composite number?
True
Is 13638941227 a composite number?
False
Is 3452053073 prime?
False
Is 25347589107 a composite number?
True
Is 4212337817 a composite number?
False
Is 990351511 a prime number?
True
Is 19149897997 a prime number?
True
Is 2187940961 a prime number?
False
Is 15785580971 a prime number?
True
Is 11226352391 prime?
True
Is 219346987 prime?
False
Is 43502094371 a prime number?
True
Is 1798183357 a composite number?
False
Is 1871396927 a prime number?
True
Is 557118929 composite?
True
Is 739152613 a composite number?
False
Is 43180009801 a composite number?
False
Is 615578569 a composite number?
True
Is 249039407 a composite number?
False
Is 620325403 a composite number?
True
Is 3821259259 prime?
True
Is 406130299 composite?
True
Is 10791009643 a prime number?
True
Is 323791139 prime?
False
Is 674876477 composite?
True
Is 73759068833 a prime number?
False
Is 37444975597 prime?
True
Is 3087206611 composite?
True
Is 16889470901 a prime number?
True
Is 23234301537 composite?
True
Is 2095985977 prime?
True
Is 650390651 a composite number?
False
Is 1288154093 composite?
False
Is 67588447 a prime number?
False
Is 6886627381 composite?
True
Is 1098686791 a composite number?
True
Is 10557473779 composite?
False
Is 160021392101 a prime number?
True
Is 14131791551 a composite number?
True
Is 3401618657 a composite number?
False
Is 8901848507 a composite number?
False
Is 20963683574 composite?
True
Is 4231645469 composite?
False
Is 511811983 prime?
False
Is 6908721847 a prime number?
True
Is 133013119 a prime number?
True
Is 69305597579 prime?
True
Is 836392517 composite?
False
Is 4991206733 prime?
False
Is 2560426591 a prime number?
False
Is 8936261459 composite?
False
Is 26153495579 prime?
True
Is 6085193941 a prime number?
True
Is 29686469063 a composite number?
True
Is 10748256797 composite?
False
Is 14081952439 prime?
False
Is 4591459471 a prime number?
False
Is 74365477 a prime number?
True
Is 111645713 prime?
True
Is 52419097 composite?
False
Is 1836131137 a prime number?
True
Is 239677297 prime?
False
Is 1221346457 a composite number?
False
Is 13522677218 a prime number?
False
Is 2243431259 composite?
False
Is 788166779 composite?
False
Is 78186535081 composite?
False
Is 219949727 a composite number?
True
Is 2965762153 a composite number?
False
Is 379766801 prime?
True
Is 31411757749 prime?
True
Is 40528760647 prime?
True
Is 3525115339 a composite number?
True
Is 3968831206 prime?
False
Is 6119782 a prime number?
False
Is 85027475461 prime?
True
Is 2201707819 a prime number?
True
Is 2933172547 prime?
True
Is 1326134597 a prime number?
True
Is 1487747713 prime?
True
Is 31941729511 a prime number?
True
Is 392879989 prime?
True
Is 9702733277 a prime number?
True
Is 515883791 prime?
True
Is 15626190851 prime?
True
Is 679404623 composite?
False
Is 22167898427 a prime number?
True
Is 45350907835 prime?
False
Is 1556523687 a prime number?
False
Is 422459659 prime?
True
Is 1117344889 composite?
False
Is 50184983 a composite number?
True
Is 1258503973 a prime number?
False
Is 1313744677 a composite number?
True
Is 3241172807 a prime number?
True
Is 13930740367 prime?
True
Is 2417238493 a prime number?
False
Is 1833485179 prime?
False
Is 38700608113 prime?
True
Is 1062798529 a composite number?
True
Is 13844710199 a composite number?
True
Is 804929087 composite?
False
Is 2467421929 a prime number?
False
Is 447609121 prime?
False
Is 26375731 prime?
True
Is 41304443294 a prime number?
False
Is 2216867689 composite?
True
Is 945039947 a composite number?
False
Is 9262727561 a prime number?
True
Is 358207951 a composite number?
False
Is 1366719889 a composite number?
True
Is 55617823 a prime number?
False
Is 9915388501 a composite number?
True
Is 2670148645 a composite number?
True
Is 441320263 prime?
True
Is 1307905031 prime?
False
Is 165870629 composite?
True
Is 880271654 a composite number?
True
Is 22088168311 prime?
False
Is 6950388701 a prime number?
True
Is 2030912077 a prime number?
True
Is 835179539 composite?
False
Is 12553787 a composite number?
True
Is 1713985363 a composite number?
False
Is 18170982509 a prime number?
True
Is 6936555323 a prime number?
True
Is 525916407 a prime number?
False
Is 8884419899 a composite number?
True
Is 983471023 composite?
True
Is 126878329241 a composite number?
False
Is 11296441123 a prime number?
False
Is 192360614 a prime number?
False
Is 112802184797 a composite number?
True
Is 824838055 a prime number?
False
Is 962185559 composite?
True
Is 8320602817 a prime number?
True
Is 8736854239 a composite number?
True
Is 176219551 composite?
True
Is 6115707461 a composite number?
False
Is 2374534997 a composite number?
True
Is 7036